f h(f). Give q(-2).
-9
Let w(x) = 7*x**2 + 11*x - 11. Let q(b) = 2*b**2 + 3*b - 3. Let t(u) = -22*q(u) + 6*w(u). What is t(-1)?
-2
Let r(b) be the first derivative of -b**4/2 + 4*b**3/3 - 3*b**2/2 + b - 2. Suppose -3*n - 6 = -6*n. Calculate r(n).
-5
Let i(m) = m - 13. Let d be i(9). Let b be (-2)/d*(14 - 2). Let t(v) = v**2 - 6*v + 3. Calculate t(b).
3
Let d = -4 - -7. Let p = d + -4. Let v(s) = -6*s**2 + 1. Give v(p).
-5
Let o(c) = -8*c**2 - 1. Let v be o(-1). Let a(t) = 6*t + 6. Let l(n) = -n. Let i(d) = -a(d) - 5*l(d). Let q be i(v). Let j(h) = -2*h + 3. Give j(q).
-3
Suppose -16*s = -18*s + 4. Let o(y) = -2*y**2 + 4*y - 2. Calculate o(s).
-2
Let k(q) = q + 8. Let x be k(-5). Let p(h) = -5 + h**3 + h**3 - 3*h**x. Let w(i) = i + 2. Let d be w(-2). Determine p(d).
-5
Let b(c) = c + 1. Let g(o) be the second derivative of -o**3/6 + 4*o**2 - 3*o. Let z be g(6). Determine b(z).
3
Let y = -55 + 49. Let z(o) = -o**3 - 7*o**2 - 6*o - 4. Give z(y).
-4
Let w(b) be the first derivative of -b**3/3 - 3*b**2/2 - 3*b + 8. Give w(-2).
-1
Let b(t) = 7*t + 14. Let m(g) = -13*g - 27. Let u(i) = 11*b(i) + 6*m(i). Suppose -2*y = -0*y - 3*l - 5, 4*l - 5 = 5*y. Give u(y).
-3
Let r = -33 - -59. Let p = r + -4. Let i be p/4 - 2/(-4). Let g(m) = -m + 1. Give g(i).
-5
Let y(x) = -x**3 - 4*x**2 + 6*x - 7. Let g be 2*((-3)/(-6) + -1). Let k be -2 - (g + (-4)/(-1)). Give y(k).
-12
Suppose -6*a - 4*a - 60 = 0. Let h(b) = -b**3 - 7*b**2 - 6*b + 6. What is h(a)?
6
Let n(r) = 3*r - 6. Let v(y) = -7*y + 13. Let z(g) = -5*n(g) - 2*v(g). Calculate z(4).
0
Suppose -y = -2 - 2. Let g(u) be the first derivative of -1/2*u**2 - 4*u + 1. Calculate g(y).
-8
Let q(c) = -c**2 + c + 3. Suppose -4*g = -h + 6*h - 51, 2*g - 5*h - 33 = 0. Let w = g - 10. What is q(w)?
-9
Let f(w) = -w + 2. Suppose 0 = k - 3*p - 4, 3*p + 4 = -k + 2. Suppose -26 + k = 5*d. What is f(d)?
7
Let q(f) = -2*f - 1. Let d be (-1)/(5/(-2))*-20. Let a be (-2)/d + (-35)/28. Let t be (18/12)/(a/2). Determine q(t).
5
Let n(z) = -z**3 - 5*z**2 + 5*z + 7. Let c be (-5)/(-2)*(12 - 14). Determine n(c).
-18
Let w be (6/8)/(5/(-40)). Let a(d) = -d - 8. Give a(w).
-2
Suppose 0 = 4*u + 4*q - 28, 3*u + 5*q - 8 = 23. Let g = u - -3. Let m(r) = -r**2 + 5*r - 5. Determine m(g).
-5
Let n(x) = -x - 3. Let o(d) = d**2 + 9*d - 6. Let g be o(-10). Suppose g*q - m = -q + 16, q = m. Calculate n(q).
-7
Let u(l) be the third derivative of -4*l**2 + 0 + 0*l + 1/6*l**4 - 1/2*l**3 - 1/30*l**5. Let d = -1 - -3. Determine u(d).
-3
Suppose 5*w - 4*d = 14, 16 = -d + 5*d. Let k(y) = 5*y + 2*y - w*y. Let a = 0 - 0. Give k(a).
0
Let w(i) = -2*i - 7. Let v(a) = -a - 3. Let l(s) = 10*v(s) - 4*w(s). Calculate l(-4).
6
Let x(f) = 3*f**3 + 11*f**2 + 13*f - 7. Let m(z) = 4*z**3 + 16*z**2 + 19*z - 10. Let k(y) = 5*m(y) - 7*x(y). Determine k(4).
-1
Let j(v) be the first derivative of -v**3/3 - v**2/2 + 11*v + 1. Calculate j(0).
11
Let o(p) = -p - 4. Let g be (-4 + -6)*4/10. Determine o(g).
0
Suppose 0 = 4*f - 3*j - 3, -2*f - f - 24 = 3*j. Let r(i) = -2*i - 5. Let k be r(-9). Let x(m) = -5*m + k*m - 5*m + 4. Calculate x(f).
-5
Suppose 5*q = 5*z + 50, -3*z + 12 = -4*q + 47. Let u(b) be the third derivative of -b**5/60 - b**4/8 + 7*b**3/6 + b**2. Give u(z).
-3
Let l(n) = n**2 + 7*n + 7. Suppose -52 = 5*v - 2*t, 4*t = 5*v + t + 48. Let j = 6 + v. Calculate l(j).
1
Suppose 8*t - 3*t = 0. Suppose 13 - 44 = -3*u - 5*g, t = 3*u - 3*g + 9. Let i(b) = 0 + u*b + b**2 + b - 3. Calculate i(2).
7
Let d(z) = -2*z**2 - z. Suppose 0 = 11*g - 15*g - 4. Give d(g).
-1
Let p(o) = -15*o - 9*o - 18*o + 46*o + 2. Give p(2).
10
Let d(v) be the third derivative of -v**6/120 + v**5/60 - v**4/12 + v**3/2 + 9*v**2. Let h(z) = 2*z**2 + z - 1. Let m be h(1). Give d(m).
-5
Let z(a) = -4*a**2 - 4*a - 5. Let l(q) = 5*q**2 + 4*q + 6. Let y(f) = 3*l(f) + 4*z(f). Let g be 30/(-5) + 1 + 0. Determine y(g).
-7
Let t(f) be the second derivative of -2*f + 0 + 0*f**2 + 1/3*f**3. Determine t(2).
4
Let b(y) = 3*y - 7. Let n be b(4). Let x(p) = p**2 - 6*p - 4. Let m(d) = -d + 1. Let g(a) = 2*m(a) - x(a). Determine g(n).
1
Let b be (20/15)/(4/18). Let v be b - (3 + -3) - 3. Suppose m - v + 2 = 0. Let z(i) = -2*i. Calculate z(m).
-2
Let t(d) = d + 1. Let z = -2 + 7. Suppose 2*u = 5 + z. Give t(u).
6
Suppose i + j = 1, -5*i + 0*j + 5 = j. Let g(f) be the first derivative of 3/2*f**2 + i - 1/3*f**3 + 4*f. What is g(4)?
0
Let z be -9*(0 - 4/12). Let o(n) = n**2 - 3*n. Give o(z).
0
Let y(t) = t**3 - 9*t**2 + 6*t - 4. Let o be (1/(-3))/(8/72). Let w(d) = d**3 - 8*d**2 + 5*d - 5. Let u(f) = o*w(f) + 2*y(f). Give u(6).
-11
Let o be 3/(3/(-3)) - -1. Let w = 0 - o. Let u be -1 - 3/1 - w. Let z(t) = t + 12. Give z(u).
6
Let k(v) = -v**3 + 6*v**2 - 3*v - 7. Let x = -9 + 14. Determine k(x).
3
Let g(k) be the first derivative of 2*k - 1/2*k**2 + 3. Let j(b) = -b - 4. Let x be j(-4). Give g(x).
2
Let m be (3 - 7/2)*(-1 + -13). Let j(t) = -t**2 + 9*t + 5. Determine j(m).
19
Let z(q) = q**3 - 5*q**2 + q + 2. Let i(k) = -k**2 + 8*k - 2. Let h be i(3). Suppose a - t = -3*a + 16, -h = -a - 2*t. Determine z(a).
7
Let t(g) be the third derivative of g**6/120 + 13*g**5/60 + 13*g**4/24 + 3*g**3/2 + 3*g**2. Let k be t(-12). Let p(c) = 5*c + 3. Determine p(k).
-12
Let x = 1 - 0. Let r(m) = 5*m - 5. Let p(v) = 6*v - 6. Let w(z) = 4*p(z) - 5*r(z). Give w(x).
0
Let c(s) = -1. Let f(x) = -x + 3. Let u(w) = -8*c(w) - 3*f(w). Determine u(6).
17
Let a(i) = i. Let r be (-51)/15 + 10/25. Determine a(r).
-3
Let s(g) = 2*g**3 - g. Let a be 2 + (-6)/((-6)/(-3)). Let d be s(a). Let q(r) = 5*r**2 - r - 1. Determine q(d).
5
Let v(f) = f - 4. Suppose 2*r - 5 - 5 = 0. What is v(r)?
1
Suppose -5*p + 7 = -3, -4*h - p = 22. Let q(f) be the third derivative of -1/24*f**4 + 0 - 1/2*f**3 + f**2 + 0*f. Determine q(h).
3
Let b(s) be the second derivative of -2*s**4/3 + s**3/6 + s**2/2 - 9*s. What is b(-1)?
-8
Let m(p) = 3*p + 1. Let c be -2*-3*2/4. Let h be 2/(-11) - 169/(-143). Suppose -c - h = l. Calculate m(l).
-11
Let p(t) = -t - 5. Let b be p(0). Let s = b + 6. Let w = -1 + s. Let v(y) = -y - 3. Give v(w).
-3
Let o(v) = -5*v**2 + 4*v + 3. Let j(m) = -6*m**2 + 5*m + 4. Let r(h) = -4*j(h) + 5*o(h). Calculate r(0).
-1
Let k(w) be the third derivative of -w**6/120 + w**5/12 - w**4/6 + 5*w**3/6 + 19*w**2. What is k(4)?
5
Let l(s) = -3*s - 5. Let x(k) = 5*k + 9. Let w(o) = -7*l(o) - 4*x(o). Give w(2).
1
Let h(n) = -2*n - 2*n + n**2 - 29 + 24. What is h(5)?
0
Let v be (-5 + 10 - -2) + -1. Let m(s) = -s**3 + 5*s**2 + 6*s + 4. Calculate m(v).
4
Let t = -3 + -1. Let i(o) = -2*o + 2 + 4*o + 3 + 0. Give i(t).
-3
Let n(h) = -h - 1. Let p(c) = -2*c + 15. Let x be p(10). Let d(l) = -4*l - 7. Let m(y) = x*n(y) + d(y). Give m(6).
4
Let g(w) = 17*w**2 - 2*w - 1. Let q(x) = -4*x**2 - 4*x - 1. Let t be q(-1). What is g(t)?
18
Let f be 6/4*6/(-3). Let x = f + 5. Let r(j) = -4*j + 2. Calculate r(x).
-6
Let k be (-9)/(-2) - (-2)/(-4). Suppose k*j + 3*v = -24, 0*v - v - 7 = j. Let n(a) = -a**2 + 4. Calculate n(j).
-5
Let o(s) = s**3 + 4*s**2 - 4*s - 5. Let i(v) = -2*v + 1. Let m be i(-1). Suppose -6*c - m = -3*a - c, -4*c = -3*a. Give o(a).
11
Let c = 3 - 2. Let h(i) be the first derivative of -2*i**2 - i - 101. Calculate h(c).
-5
Suppose 0 = 3*t - 22 + 4. Let c(x) = 3*x + 9. Let j(l) = l + 1. Let n(g) = -c(g) + 4*j(g). Give n(t).
1
Let d(v) = 5*v - 4*v - 1 - 8*v - 5*v. Give d(-1).
11
Let o(t) be the first derivative of -1/2*t**2 + 1/3*t**3 + 0*t - 3/2*t**4 + 1. Determine o(1).
-6
Let x(w) be the third derivative of -w**5/60 - 7*w**4/24 - 5*w**3/6 - 2*w**2. Suppose 6*b - 3*b + 12 = 0. Let d be -1 - (-1 - -1 - b). Calculate x(d).
5
Suppose -2*n + 4*d - 7 = 5, 2*d - 6 = 0. Let k(h) be the first derivative of 0*h + n*h**3 + 2 - 7/4*h**4 - 1/2*h**2. Calculate k(1).
-8
Let a(p) = -2*p + 1. Let k be (-20)/(-150) + (-208)/(-15). Let u be (-6)/(-30) + k/5. Calculate a(u).
-5
Let t(o) = o. Let h(u) = -8*u - 13. Let q(n) = -h(n) - 6*t(n). Give q(-10).
-7
Let p = 1 + 5. Let u(d) = -d**2 - p*d - 2 - 3 + 2*d**2 + 2*d. Determine u(5).
0
Let t(q) = q**2 + q. Let b(d) = 5*d**2 + 11*d - 1. Let g(s) = b(s) - 6*t(s). Calculate g(5).
-1
Let c(j) = j**3 + 3*j**2 + j - 2. Let b be c(-3). Let t be 4/(-14) + (-65)/(-7). Let i(m) = t - m**2 - 2*m - 2 - 2*m. Calculate i(b).
2
Suppose 0 = 2*q + 